e tens digit of r?
3
Let k(m) = 100*m**2 + 5*m + 4. Let r = -121 + 119. What is the hundreds digit of k(r)?
3
Let f = -55784 - -80709. What is the units digit of f?
5
Suppose -3*n - 111 = -4*n. Let t = n - 102. What is the units digit of (2 - 0)/((36/136)/t)?
8
Let b(p) = 2*p**2 - 9*p - 2056. What is the thousands digit of b(51)?
2
Let c = 231 - 229. Suppose -5*l = -c*n - 1439, -3*l + 4*n + 867 = n. What is the hundreds digit of l?
2
Let m(v) = -v**2 - v - 39. Let u be m(0). Let c be 52/u*(-203 + 4/2). Suppose -2*w - 5*t + 118 = 0, 5*w - w + 2*t = c. What is the units digit of w?
9
Let g = -46 + 41. Let q(u) = 126*u**2 + 3*u - 9. Let t(f) = -63*f**2 - f + 4. Let s(d) = g*t(d) - 2*q(d). What is the tens digit of s(-1)?
6
Let o = 123464 - 53273. What is the tens digit of o?
9
Suppose -12*p = -8*p. Suppose p = 5*v + 16 - 21. What is the tens digit of (1 + (-605)/5)/(-2 + v)?
2
Suppose -2*m - 23 = -4*f + 3*m, -2*m = 6. Suppose -3*r - 3*h = -4*h + 1, 3*r - 1 = -h. Suppose r*o - f*o + 80 = 0. What is the tens digit of o?
4
Let v be (6*25)/(-5) - (-3 - -3). Let m = v + 693. What is the units digit of m?
3
Let g be ((-12)/5)/((-1)/(-1412 + -3)). Let m = g - -4896. What is the units digit of m?
0
Let f be 156/52 - (1 + -15). Suppose f*s - 3369 = 1034. What is the hundreds digit of s?
2
Let s be (2*-1 - -1) + 292. Let d = -359 - -341. What is the units digit of (12/d)/((-2)/s)?
7
Let o(n) = 270*n + 2. Let u be o(1). Let i = -134 + u. Suppose -18 = 2*w - i. What is the tens digit of w?
6
What is the thousands digit of 4/6 + 1 - (-4109376)/576?
7
Let p(s) = s**3 - 13*s**2 - 5*s - 13. Let a be p(13). What is the tens digit of (-1612)/10*195/a?
0
Let j be -2811 + (-2 - -5 - 5). Let h = -1618 - j. What is the hundreds digit of h?
1
Suppose 6*o + 743 = -1579. Let r = 523 + o. What is the hundreds digit of r?
1
Let u(y) = -5*y + 20. Let f be u(4). What is the tens digit of (f + 2)*(15 - -51) - 1?
3
Let c = -17359 - -27191. What is the tens digit of c?
3
Suppose -2*z + 6704 - 42 = 4*i, 4*i = -4*z + 6660. Suppose -3*f = -5*g + 2784, 2*g - i = -g + 4*f. What is the tens digit of g?
5
Let u(g) = -278*g - 2. Suppose i - 8 = 3*i - p, -p = 4*i + 10. What is the units digit of u(i)?
2
Suppose -c - 12 = 2*p, 0 = -5*p + 2*c - 24 - 6. What is the tens digit of 224/(-6)*-1*p/(-2)?
1
Suppose 7*g = -1939 + 371. What is the units digit of -2 + 2 - 7 - g?
7
Let p(g) = 108*g**2 - 27*g - 14. Let q be p(-18). Suppose 19*i - q = -3*i. What is the thousands digit of i?
1
Let q(g) = 21*g + 1. Let p be q(-2). Let a = p - -44. Let z(s) = 9*s + 4. What is the tens digit of z(a)?
3
Let g be 7/(-98) + 285/70. Suppose -75*i + 71*i = g*j - 1132, -3*i = 4*j - 844. What is the hundreds digit of i?
2
Let k(l) = l**3 - 31*l**2 + 15*l - 166. Let g(z) = 7*z + 171. Let y be g(-20). What is the units digit of k(y)?
9
Let i(a) = 29*a**2 + 3*a + 6. Let x be i(-7). Suppose -2*y + y = -x. What is the hundreds digit of y?
4
Suppose 3*l = -3*p + 13677, -5*l - 2*p + 13014 = -9790. Suppose -11*x + 7142 = -l. What is the units digit of x?
4
Suppose -23*q + 1038182 = 70*q - 314503. What is the hundreds digit of q?
5
Let f be (-6)/(-15) - (33957/(-45) - -3). Suppose w + u = f, -4*w - u + 2545 + 466 = 0. What is the hundreds digit of w?
7
Let n(v) = 2*v**3 - 36 - 3*v + 9*v + 92*v**2 + 80*v. What is the units digit of n(-45)?
4
Let q(b) = -24*b**3 + 7*b**2 - 5*b + 15. Let m(y) = -47*y**3 + 13*y**2 - 11*y + 29. Let h(n) = -4*m(n) + 7*q(n). What is the hundreds digit of h(2)?
1
Let r = 8 - 6. Suppose r*f - f - 130 = 0. Let w = f - 35. What is the units digit of w?
5
Let c be 20/(-30)*-12*1. Suppose 26*g = 22*g + c. What is the hundreds digit of g/(-8) - (1 + (-3268)/16)?
2
Let c(n) = -7*n - 5. Let l be c(-2). Let x(v) = 42*v - 70. What is the hundreds digit of x(l)?
3
Let m = -153 - -6573. What is the tens digit of m?
2
Let u be (-10)/15 + (-4)/(-6). Suppose -4*x = -u - 8. Suppose -5*a = -x*a - 369. What is the hundreds digit of a?
1
Let u(i) = 63815*i**2 + 90*i + 95. What is the hundreds digit of u(-1)?
8
Let a be (-22)/((6/(-9))/((-15)/(-9))). Let c = -43 + a. Suppose -b = -c - 24. What is the units digit of b?
6
Suppose -5*d + 65 = 4*j, j + 2 = d - 11. Let y(w) = 21*w - d*w**2 - 7 - 6*w**3 + w**3 + 5*w**3 - w**3. What is the tens digit of y(-15)?
2
Suppose -23*u + 106531 + 2298 = -106888. What is the units digit of u?
9
Let v(y) = -2*y**2 - 27*y + 9. Let p be v(-15). What is the hundreds digit of 57*(p/24 + 47/6)?
3
Let r(c) = -c**2 - 11*c + 26. Let d(m) = 3*m**2 + 24*m - 52. Let h(t) = 4*d(t) + 9*r(t). What is the tens digit of h(4)?
6
Let u(y) = -28*y + 99. What is the tens digit of u(-8)?
2
Suppose -4*q + m = 2886, -730 = q + 3*m - 2. Let l = q - -1034. What is the hundreds digit of l?
3
Let n(j) = 12 - 54 - 51 + 14 - 20*j. What is the hundreds digit of n(-27)?
4
Suppose 5*l + 262 = g - 61, -3*g = 4*l + 247. What is the tens digit of (-50552)/l - (-2)/16?
9
Let p(d) = -5*d - 32. Let r be p(-7). Suppose -r*h = 27 - 33. Suppose h*v - 220 = -162. What is the units digit of v?
9
Suppose -54*d + 323386 = -129944. What is the tens digit of d?
9
Let r(h) = -9*h**3 + 2*h**2. Suppose 5*q + 6 = -2*y, -y - 4*y = -q - 12. Let g be r(q). Suppose 250 + g = 5*u. What is the tens digit of u?
6
Let t be (60/6)/(0/(-2) - -1). Suppose -t*c + 8*c = -528. Suppose -2*a - 3*x - 198 = -5*a, 5*x = -4*a + c. What is the tens digit of a?
6
Let t = 42 + -32. Let d = -10 + t. What is the units digit of -3 + (d - (-35)/5)?
4
Suppose -3*a - 24 = -4*a. Suppose 0 = 7*p - 9*p + a. Let x(y) = -y**2 + 12*y + 10. What is the tens digit of x(p)?
1
Let t be 13 + 8/10*(-35)/14. Suppose -14*p = -t*p - 285. What is the tens digit of p?
9
Let c be (1 + (-4)/(-1))*1*1. Suppose -2*d - 964 = -2*f, c*f = 4*d - 9*d + 2450. What is the hundreds digit of f?
4
Suppose 72 + 28 = -5*w. What is the units digit of (-1745)/w - (-25)/(-20)?
6
Let u = 26856 + -18506. What is the tens digit of u?
5
Suppose -2*x + 10692 = -5*a, -x + 5346 = -20*a + 25*a. What is the units digit of x?
6
Suppose 101*m - 25*m = 3543185 - 841157. What is the units digit of m?
3
Let j = 133 - 128. Suppose -5*u = -5*t - u + 1543, 0 = 3*t - j*u - 931. What is the tens digit of t?
0
Suppose g + 91 = 254. Let z be (5 + 312/18)*-3. Let i = z + g. What is the tens digit of i?
9
Let f = -314 - -332. Suppose -m + 16*a - f*a = -1004, -5*a = 5*m - 5020. What is the thousands digit of m?
1
Let h(x) = -x**2 - 17*x - 27. Let w be h(-15). Let j = 1093 + w. What is the hundreds digit of j?
0
Suppose -4*o + 3*m = -11*o + 194989, 2*m + 55714 = 2*o. What is the hundreds digit of o?
8
What is the thousands digit of 292278/35 - (-8 - (-117)/15)?
8
Suppose 9455 + 5245 = 4*l. Suppose 12*q + 11 = 7*q - 4*f, 5 = q - f. What is the units digit of l/50 + (q - (-1)/(-2))?
4
Let d = -190 + 193. What is the tens digit of -1 + d - (-82 + -5)?
8
Let d(t) = -40165*t + 612. What is the hundreds digit of d(-1)?
7
Suppose 1244838 + 122785 = 124*p - 657421. What is the thousands digit of p?
6
Let b(h) = -9*h**2 - 20*h + 21. Let u be b(1). What is the thousands digit of (-13 - -6317)/u*(-14)/8?
1
Suppose 3*o - 8*j - 310 = -10*j, -o - 2*j = -110. Suppose -o*u = -107*u + 4809. What is the hundreds digit of u?
6
Let j be -2 - 92/(-48) - (-240584)/96. Suppose -8 = 5*o + 3*p, -4 = -o - 0*p - 2*p. What is the tens digit of j/(-21)*6/o?
7
Let q = -10762 - -27037. What is the tens digit of q?
7
Let w(g) = 73*g**2 - 9*g. Let p be w(2). Let k = 50 + p. Suppose 26 - k = -2*y. What is the hundreds digit of y?
1
Suppose -2*b + 20498 = 2*k, -207*b + 205*b = -2*k - 20510. What is the units digit of b?
2
Let c = -33 + 16. Let m be -55 + 21/14*8/(-6). Let t = c - m. What is the tens digit of t?
4
Let q be (57/9 + -5)*6. Suppose 0 = -c + n + 348 - 16, -4*n = -q. What is the units digit of c?
4
Let p(o) = 119*o**2 + 4. Let m(f) = -f**2 + f + 1. Let u(k) = 5*m(k) + p(k). What is the hundreds digit of u(-2)?
4
Let u = 92 + -87. Suppose -2*a = -2*v + 46, -2*v + 0*a = u*a - 11. What is the hundreds digit of (426/v - -3)/(1/9)?
2
Let w(q) = 2*q - 6. Suppose -4 = -0*j - 2*j - 2*a, 0 = 4*j - 5*a - 35. Let k be w(j). Suppose k*g + g = 10. What is the units digit of g?
2
Suppose 315 = -44*k + 95. What is the hundreds digit of -2 - k - -644 - (9 